 = 0. What is the tens digit of t?
2
Let g = 25 + 65. Suppose 0 = -5*o + 2*b + 429, -3*b = -3*o + 162 + g. What is the tens digit of o?
8
Let q be (1/(-3) - 0)*(0 - -111). Suppose 3*u + 6 = 3*k, 2*u + k - 5*k = -10. Let z = u - q. What is the tens digit of z?
3
Suppose 8*z - 6 = 11*z. What is the tens digit of z/(4/2)*-179?
7
Let m(r) = 3*r**3 - 4*r**2 - 2. What is the tens digit of m(4)?
2
Let s(p) = -p**3 - 12*p**2 + 10*p - 8. Suppose 5*j + x + 32 + 28 = 0, 0 = 4*j - 4*x + 72. What is the tens digit of s(j)?
3
Let n be 0/(1 + -3) - (-26 - -24). Suppose 159 = p - q, -n*p + 326 = 5*q - 3*q. What is the units digit of p?
1
Suppose -2*j - 3*g - 377 = -6*j, -j = -4*g - 104. Suppose 3*y - 69 = -4*m, 2*m = -4*y + 4*m + j. What is the tens digit of y?
2
Let v = 73 + -61. Let b(s) = s**3 - 14*s**2 + 28*s + 15. What is the tens digit of b(v)?
6
Suppose 95 = -3*x + 2*h, 3*x = -x - 4*h - 140. Let c = x + 13. What is the units digit of (-88)/c + (-2)/5?
4
Suppose -6027 = -5*c - 3*p, -7*c - p = -5*c - 2410. What is the thousands digit of c?
1
Let s be (-63)/(-18)*(-72)/2. Let d = s - -197. What is the units digit of d?
1
Let m be (-585)/90*1/((-2)/4). Let i = m - -52. What is the units digit of i?
5
Suppose 17*k + 72896 = 81*k. What is the hundreds digit of k?
1
Let t(x) = 61*x - 16. Let n be (-6)/((-18)/15) + -3. What is the hundreds digit of t(n)?
1
Let w(a) = -132*a + 87. What is the units digit of w(-14)?
5
Suppose -5*n - 5*w = -5475, -4*n - 11*w = -14*w - 4345. What is the hundreds digit of n?
0
Suppose 0*u = 5*s + 5*u + 10, -u = 3*s - 2. Let l = s - 0. Suppose -14 = -2*z + l. What is the units digit of z?
8
Let z(b) = -b + 2. Let x be z(-2). Suppose -i + 18 = -21. Suppose i + 21 = 4*l - x*f, -5*l + 67 = 3*f. What is the units digit of l?
4
Let i be 871/4 + (-2)/(-8) + 2. Suppose i = 25*c - 21*c. What is the units digit of c?
5
Let h = 1989 - 1346. What is the units digit of h?
3
Let m = -3645 - -6774. What is the units digit of m?
9
Let o = 672 + -310. What is the hundreds digit of o?
3
Let w(q) = -23*q + 6. Let y = -13 + 10. Let f be w(y). Suppose 5*t = -z + 2 + f, 5*t + 235 = 5*z. What is the units digit of z?
2
Let z(s) = -3*s**2 - s + 1. Let u be z(-3). Let y = 7 - u. Let x = 10 + y. What is the units digit of x?
0
Let d = -30 - -29. Let q(b) = -26*b**3. What is the units digit of q(d)?
6
Suppose 0*k = -5*x + 3*k + 40, 3*x + k - 10 = 0. Suppose -x*w + 10 = -15. Let j = w + 6. What is the units digit of j?
1
Suppose 2*t - 3*i - 2*i - 8 = 0, -i = t - 4. Suppose m - 214 = 4*n, t*n - n = -m + 179. What is the tens digit of m?
9
Let s(w) = w**2 - 9*w + 6. Let d be s(8). What is the units digit of (-7 - (d + 1))/(-2) + 119?
2
Suppose 0 = 2*d - 2 - 6. Suppose -d = k - 3*k. Suppose 0 = -k*o - 0*o + 12. What is the units digit of o?
6
Suppose 0 = 19*b + 855 - 3040. What is the units digit of b?
5
Let j = 3 - 1. Let p(q) = -13*q - q**j + 5*q - 1 - 7 + 1. What is the units digit of p(-5)?
8
Let k = -156 - -782. What is the tens digit of k?
2
Let j = 28 + -38. Let c be (-2*(-5)/j)/(-1). What is the units digit of 3 + -7 + 62*c?
8
Let f be 7 + 0 + 10 + -14. Suppose -3*u = 3*z + 24, f*u + 16 = -3*z + 4*u. What is the tens digit of z/8 - 151/(-4)?
3
What is the hundreds digit of -2 + 5210/12 + (-8)/48?
4
Let m = 57 - 57. What is the units digit of -10*(m - 5/10)?
5
Let a = -932 + 1811. What is the hundreds digit of a?
8
Suppose 2*c - 1038 = 3*v - 5*v, -2*v + 1026 = -4*c. What is the units digit of v?
7
Let m(d) = d**3 + 3*d**2 - 1. Let b be m(-2). Suppose -29 = -b*h + 136. Let k = h - 38. What is the units digit of k?
7
Suppose 2 = -u, -5*z + 170 = -z - u. What is the tens digit of (-2 - 5)/(-1*2/z)?
4
Suppose -5*r - 61 - 9 = 0. What is the units digit of 3/6 + (-973)/r?
0
Suppose -65 - 9 = -2*u + 4*d, 2*d = -3*u + 111. What is the tens digit of u?
3
What is the tens digit of 56/(-6)*(-1638)/147?
0
Let w = -17 - -16. Let u(t) be the second derivative of -63*t**5/20 + t**4/12 + t**3/6 - 6*t. What is the units digit of u(w)?
3
Let o be (-6)/(-16)*-2 + 563/4. Suppose 2*s - 3*h - o = 180, -2*s - 5*h + 336 = 0. What is the tens digit of s?
6
Let i(f) = -2*f**3 - 4*f**2 - 2*f + 1. Let r be i(-2). Let b(q) = -1 + 4 + 2*q + 2*q - 4. What is the units digit of b(r)?
9
Suppose -12*y - 238 + 1570 = 0. What is the tens digit of y?
1
What is the thousands digit of (-3 - 10524/(-3)) + 3 + -10?
3
Suppose g + 8 = 2*h - g, -h = 4*g + 1. Suppose -264 = -h*i + 354. What is the hundreds digit of i?
2
What is the tens digit of 1 + (-8)/12*3 - -12?
1
Let q = 192 + 236. What is the units digit of q?
8
Let o be -4*(0/(-3) - 25/20). What is the units digit of o*1*(-1)/4*-68?
5
Let b(c) = c**2 - 22*c + 8. Let g be b(22). Suppose g = 3*v - 220. What is the units digit of v?
6
Let d(v) = -60*v + 2. Suppose 2*x - 3*i = -2*i - 21, -3*i + 13 = -x. Let m be (x/(-15))/(2/(-3)). What is the units digit of d(m)?
2
Let k be (7/(-3))/((-8)/24). Let m(x) = 2*x - 6. What is the units digit of m(k)?
8
Let c(l) be the first derivative of 7*l**2/2 + l + 3. Let q be c(3). Suppose 0 = -2*y - q + 70. What is the tens digit of y?
2
Let y = -160 + 111. Let n = y - -16. Let z = -31 - n. What is the units digit of z?
2
Let g(l) = -l + 23. Let m be g(25). What is the hundreds digit of (3/2)/(30/6320) + m?
3
What is the hundreds digit of 4/(-14) - (-38)/(-14) - -1298?
2
Suppose 6*l - 7*l - 466 = -j, -1892 = -4*j - 3*l. What is the units digit of j?
0
Suppose 3*m + 21 = -33. Let q = m + 16. Let s(r) = 4*r**2 + 2*r + 2. What is the tens digit of s(q)?
1
Let q be 74/(-4 + 1 - -5). Suppose 0 = 5*s + 2*k - 121 + q, -6 = -s + 5*k. Suppose 5*d = 4*y - s, -3*d + 2 = -2*y + 2*d. What is the units digit of y?
9
Let w = 15 - 12. Let o(n) = 5*n + 7. What is the units digit of o(w)?
2
Suppose 2*r - 4*r = 6, 18 = 2*g - 4*r. Suppose -g*j + j + 106 = 0. What is the units digit of j?
3
Let a = 813 + 1457. What is the thousands digit of a?
2
Let m(b) = -4*b**3 + 8*b**2 + 17*b - 5. Let v(j) = -5*j**3 + 7*j**2 + 17*j - 6. Let i(z) = 4*m(z) - 3*v(z). What is the units digit of i(12)?
8
Let u = 36 - 32. Suppose -3*o + 3*r - u*r = -49, 3*r = -6. What is the tens digit of o?
1
Let h(g) be the second derivative of g**5/20 - 5*g**4/3 - 8*g**3/3 + g**2/2 + 17*g. What is the tens digit of h(21)?
0
Let v = 247 - 147. What is the hundreds digit of (-60)/v - 663/(-5)?
1
Let y(i) = 19*i + 95. What is the tens digit of y(24)?
5
Suppose 5*q = 8 + 17. Suppose 292 = -100*f + 104*f. Suppose -q*n + 72 + f = 0. What is the tens digit of n?
2
Suppose 3*z = 4*p - 2*z - 7, -3*p = 3*z - 12. Suppose 0 = p*i - 144. What is the tens digit of i?
4
What is the units digit of (-3 + -113)*34/(-4)?
6
Let w(v) = v**2 + 21*v - 95. What is the hundreds digit of w(-34)?
3
What is the tens digit of 5/(-2)*(-1484)/265?
1
Let r be (26 - 8) + (-1 - 0). Suppose r - 53 = 6*t. What is the tens digit of (57/(-3))/(2/t)?
5
Let r(v) = 4*v - 1. Let q be r(4). Let k = q - 34. Let b = k + 31. What is the units digit of b?
2
Suppose -9*f + 153 = -0. What is the tens digit of f?
1
Let c = 907 + -630. What is the units digit of c?
7
Let c(s) = 48*s - 30. What is the hundreds digit of c(20)?
9
Suppose 8*d - 7390 = 3*d. What is the thousands digit of d?
1
Let h = -119 + 760. What is the units digit of h?
1
Let m be (7 - -2)*2/6. Suppose 4*x - 36 + 24 = 0. Suppose z - 2*z = -x*g + 124, 38 = g + m*z. What is the tens digit of g?
4
Let m = 990 + 30. What is the tens digit of m?
2
Suppose 4*a + 4*w = 8328, 96*a - 3*w = 100*a - 8324. What is the hundreds digit of a?
0
Let c(s) = 30*s**2 - 8*s + 55. What is the hundreds digit of c(7)?
4
Suppose 4*w - 3*w - 4*z + 8 = 0, w + z - 7 = 0. Suppose 0*u - 28 = -w*u. Suppose 117 = 5*n + u. What is the tens digit of n?
2
Suppose -2*b - 2*l = -6586, -3*b + 4*l + 13164 = b. What is the thousands digit of b?
3
What is the hundreds digit of -3 - (0 + -4 - 442)?
4
What is the hundreds digit of (-2991)/(-6) + (-42)/(-28)?
5
Suppose -644 = -5*w + 2461. What is the tens digit of w?
2
Let d = 35 - 19. Let i = -14 + d. Suppose 0 = i*a + 2, -2*n + 7*n + a = 159. What is the tens digit of n?
3
Suppose 4*p - 815 = -3*k + 1006, -5*p = k - 2290. What is the tens digit of p?
5
Suppose 2*l = -n + 4, -2*l = 4*n - 2*n. Suppose 5*t + 2602 = -0*t - l*c, -c - 2086